ase 7) to base 6
311122
What is -13313103121 (base 4) in base 7?
-23344201
Convert 3063153 (base 7) to base 14.
983d3
112110302 (base 4) to base 15
1c162
Convert 100011010100111001 (base 2) to base 3.
21100111011
21141433 (base 5) to base 6
3450515
Convert 2220201222 (base 3) to base 15.
1201b
What is 505103 (base 7) in base 8?
247452
Convert 2828403 (base 12) to base 8.
36455103
-7372503 (base 9) to base 4
-33003021003
59ecc (base 15) to base 10
286842
Convert 150b9 (base 16) to base 7.
506213
What is -2a0910a (base 12) in base 6?
-501400414
What is 1100100001000111100 (base 2) in base 12?
179450
What is 248128 (base 11) in base 12?
16a661
-109c7d (base 14) to base 12
-232b5b
Convert 10a053 (base 12) to base 10.
266175
What is -100011000100101111 (base 2) in base 4?
-203010233
What is -1233415 (base 6) in base 14?
-1a547
What is -108475 (base 9) in base 4?
-33323321
What is 45653261 (base 7) in base 15?
53e1de
3aa280 (base 12) to base 8
3551400
Convert -12447d (base 15) to base 12.
-362547
-6920d (base 15) to base 9
-558864
Convert 1002333322 (base 5) to base 15.
296677
-102222111211110 (base 3) to base 2
-11000010010100111001100
36aa8d (base 16) to base 3
20202000102002
-2ab727 (base 12) to base 2
-10110001000001001111
Convert -100110100010001101 (base 2) to base 14.
-41741
Convert 777cc (base 13) to base 15.
442dc
What is 11842470 (base 9) in base 10?
5814891
-4b53 (base 13) to base 5
-320330
-44d12 (base 16) to base 2
-1000100110100010010
Convert -4261b (base 15) to base 2.
-110011011011000010
910ab (base 16) to base 2
10010001000010101011
Convert 1199780 (base 13) to base 8.
24707563
Convert -533416 (base 9) to base 2.
-1001101100000001110
42035255 (base 6) to base 10
1218131
What is 4300251 (base 6) in base 4?
303102013
Convert -221002 (base 3) to base 14.
-365
134312 (base 5) to base 8
12716
Convert -2202220010110 (base 3) to base 4.
-11213321103
Convert -474717 (base 10) to base 5.
-110142332
Convert 11101101001011000 (base 2) to base 11.
83263
-333103321132 (base 4) to base 5
-13222042244
-4427707 (base 10) to base 12
-15963b7
Convert 1234211 (base 5) to base 6.
304310
3892940 (base 11) to base 8
31551337
What is 2616054 (base 7) in base 12?
145166
Convert 121636140 (base 7) to base 6.
431425020
-4d1b89 (base 14) to base 11
-1554316
What is -22343044 (base 5) in base 10?
-199774
Convert 42c8d4 (base 16) to base 8.
20544324
Convert 51533 (base 9) to base 6.
421133
Convert 1136624 (base 8) to base 7.
2432522
6156215 (base 7) to base 9
1342718
What is -120022112110 (base 3) in base 7?
-2363625
-1883571 (base 9) to base 16
-1028a1
What is -2100021012 (base 3) in base 15?
-d9eb
What is 3126a5a (base 11) in base 5?
2402424102
What is 424002 (base 5) in base 8?
33654
What is 111551234 (base 6) in base 16?
1f4f26
Convert 5272146 (base 8) to base 4.
11113101212
-132576 (base 10) to base 7
-1061343
-206053140 (base 7) to base 15
-111e33c
125140620 (base 7) to base 3
120002210202210
What is -1a22601 (base 11) in base 6?
-201104554
What is -441636 (base 10) in base 9?
-742726
Convert 1a6a70 (base 13) to base 6.
22222254
111000001100011010 (base 2) to base 15
482ea
Convert 40201230 (base 5) to base 13.
b222b
-20160363 (base 8) to base 11
-2444566
What is 7637c6 (base 14) in base 11?
2296058
1010000010110110111 (base 2) to base 7
2540413
-201202220112211 (base 3) to base 6
-1013124251
Convert -3533455 (base 6) to base 4.
-230310023
What is -110011302203 (base 4) in base 3?
-100220120102002
Convert -221302030 (base 4) to base 15.
-35a9d
323501 (base 12) to base 9
1438881
Convert -b36115 (base 13) to base 14.
-7ac735
-11122122122 (base 3) to base 15
-1c21b
Convert 734515 (base 8) to base 10.
244045
262203 (base 8) to base 11
62630
What is -51449 (base 11) in base 4?
-102111001
What is b1736 (base 12) in base 14?
601d0
2471647 (base 8) to base 6
22403051
What is 1038b (base 12) in base 6?
242255
-4888 (base 14) to base 16
-3178
-13223131 (base 4) to base 6
-401341
What is -177117 (base 8) in base 9?
-108266
What is 252001121 (base 6) in base 12?
17601a1
595152 (base 13) to base 12
865713
What is -123000200001 (base 4) in base 12?
-2455229
What is 4a417 (base 13) in base 14?
37c74
Convert 13372 (base 16) to base 6.
1404214
What is -10496938 (base 10) in base 14?
-15735b4
13b6d (base 16) to base 8
235555
-9255546 (base 10) to base 11
-5251913
Convert -1630625 (base 7) to base 14.
-5c515
What is 2a5a (base 13) in base 8?
14017
Convert -227377 (base 12) to base 9.
-1030771
Convert 8b3311 (base 12) to base 11.
128a235
Convert 205b4 (base 16) to base 6.
2501324
What is -1200011211121 (base 3) in base 5?
-211424021
-96110 (base 10) to base 11
-66233
What is -335b9 (base 12) in base 13?
-250b3
Convert 1222122100211 (base 3) to base 7.
11655205
Convert 2011011022201 (base 3) to base 15.
1792ca
25c0ec (base 16) to base 5
1113133340
What is -35882 (base 9) in base 2?
-101110111110010
Convert -10170 (base 16) to base 5.
-4102104
What is -304655 (base 9) in base 10?
-180599
What is -53552105 (base 6) in base 9?
-2875775
Convert -5e4a9 (base 16) to base 3.
-201121210100
What is 11733047 (base 8) in base 10?
2602535
-195026a (base 12) to base 11
-3010170
-5b453 (base 16) to base 7
-3114631
Convert -1193cc (base 13) to base 6.
-13001502
-15a53ad (base 14) to base 15
-deacd7
-21a11 (base 11) to base 9
-47602
What is -1110000001001010110011 (base 2) in base 4?
-32001022303
-1eb9b (base 15) to base 5
-11203441
Convert 32200540 (base 6) to base 12.
399150
Convert 20753355 (base 8) to base 4.
100331123231
616360 (base 8) to base 15
406b1
What is a47ba (base 14) in base 9?
664116
Convert -82b77c (base 15) to base 7.
-103553505
What is -2213313001 (base 5) in base 12?
-1747024
128d05 (base 14) to base 8
2340271
-1569977 (base 12) to base 10
-4371499
121320220111 (base 4) to base 8
31705025
-248a135 (base 13) to base 6
-1044040553
14342112 (base 5) to base 16
254ce
What is 231410134 (base 6) in base 4?
100110132022
434431433 (base 5) to base 16
1c9849
What is -1000011101101010101010 (base 2) in base 6?
-115315334
16262 (base 11) to base 15
6be2
Convert 5a6a08 (base 11) to base 9.
1724052
What is -40782 (base 13) in base 7?
-660555
Convert -349732 (base 11) to base 8.
-2073122
5b34b7 (base 14) to base 15
419a83
-11034245 (base 6) to base 16
-50eb5
289468 (base 14) to base 8
5277044
130059 (base 10) to base 9
217360
-17b1a (base 13) to base 10
-45822
Convert 3134143343 (base 5) to base 2.
11000111111110110001101
What is 1b152b (base 13) in base 6?
22431411
59e2bb (base 16) to base 8
26361273
-837422 (base 9) to base 6
-14355202
What is 1483129 (base 15) in base 4?
320213321322
What is -54103545 (base 6) in base 3?
-10000000211202
Convert -948c88 (base 13) to base 16.
-35088d
Convert 25560663 (base 7) to base 16.
239d9f
1121021022 (base 4) to base 12
157376
What is -8858 (base 16) in base 13?
-12b6c
What is -26b19b (base 12) in base 13?
-195bc9
What is 514 (base 11) in base 3?
211222
What is 10edc6 (base 15) in base 3?
1112010202020
-1083876 (base 10) to base 6
-35121540
Convert 617057 (base 8) to base 5.
23014320
Convert 1432144 (base 8) to base 15.
80738
181a875 (base 14) to base 3
211101120020222
What is -36461173 (base 8) in base 4?
-132212021323
dbeb (base 15) to base 16
b5eb
Convert 170217 (base 10) to base 5.
20421332
Convert -1519a7 (base 11) to base 3.
-110000211010
What is -12003124123 (base 5) in base 11?
-7823878
Convert 1905510 (base 10) to base 11.
1091702
Convert 1402473 (base 8) to base 4.
1200110323
What is -1101001000100011101111 (base 2) in base 11?
-1a417a4
Convert 11b898a (base 12) to base 10.
3478138
Convert 112201553 (base 7) to base 11.
3964479
2120011001 (base 3) to base 15
ee0a
What is 102101122 (base 3) in base 4?
2001302
What is 166730 (base 8) in base 7?
342342
What is 12302331 (base 5) in base 10?
119091
Convert -100031020 (base 5) to base 4.
-1133312323
Convert 2424722 (base 8) to base 7.
5442612
Convert 33221033000 (base 4) to base 11.
2351203
What is -221214424 (base 5) in base 15?
-13e95e
Convert 10cbc8 (base 13) to base 9.
668228
Convert 2427756 (base 8) to base 14.
13543c
Convert 4be27 (base 15) to base 2.
111011010001111100
What is -10230102 (base 4) in base 12?
-b156
112021221210102 (base 3) to base 7
121366661
Convert -101100001111010